 -67*n**3 - 65*n**3 + 191*n**3 - 289 - n**2 - 61*n**3 + 4*n + 287. Determine b(-3).
31
Let z = -173 + 179. Suppose 0 = 3*l - 5*f + 9*f - 12, l + 5*f - 4 = 0. Let y(t) = 2*t - 4*t + l + 2 + 0*t. What is y(z)?
-6
Let l(z) = -12*z - 64*z**3 + 119*z**3 - 54*z**3 - z**2 - 5. Calculate l(-2).
7
Suppose 3*p + 5 = 43*j - 38*j, -3*p + 3*j - 15 = 0. Let y(w) = 32*w + 322. Give y(p).
2
Let d(t) = 3*t + 6. Let w(z) = -7*z - 12. Let j(p) = -9*d(p) - 4*w(p). Let m = -1286 - -1295. Calculate j(m).
3
Let d(q) = 3*q**3 + 6*q**2 - 21*q - 42. Let p be d(-2). Let h(n) be the third derivative of -28*n**2 + 2/3*n**3 + 0*n + 1/12*n**4 + p. What is h(-4)?
-4
Let f(v) = v**2 + 3*v - 2. Suppose -z = 5*y + 2*z - 400, 400 = 5*y + z. Suppose y = -7*p + 15*p. Let q be 0/(p - 5) - 5. Give f(q).
8
Let h(x) = x**2 - 5*x. Let p(a) = 11*a**2 + a**3 + 15 - 34*a + 70*a - 35*a. Let n be p(-11). Determine h(n).
-4
Let f(y) be the third derivative of -y**5/60 + 13*y**4/24 + 5*y**3/6 - 23164*y**2. Let i = 4 - -8. Determine f(i).
17
Let r(g) = -2*g**2 + 2 - g + 0*g**2 + 0. Let b = 16963 + -16966. Determine r(b).
-13
Let v(c) = -11*c**2 + 3*c - 2. Let t(g) = 5*g**2 - g + 1. Let s(n) = 13*t(n) + 6*v(n). Let a be (3/12*-10)/((-4)/8). Determine s(a).
1
Let w(u) = -u**3 - 9*u**2 + 5*u + 6. Let i(x) = 3*x**3 + 19*x**2 - 11*x - 11. Let h(o) = 2*i(o) + 5*w(o). Let s = -76 - -82. Give h(s).
-10
Let y(t) = -14*t**3 + t**2 + 2*t + 3. Suppose -119*u - 142*u = -94 + 616. Give y(u).
115
Let l(t) = 0*t + t**2 + t**3 - 3 + 2*t**2 - t. Let s = 309763 + -309766. Determine l(s).
0
Let q(m) be the third derivative of 13*m**4/24 + m**3 - 5*m**2 + 78. Determine q(2).
32
Let n(l) = -9 + 3 + 2*l**2 - 2*l**3 + l**3 + 7*l. Suppose -213*q + 223 = -72*q - 341. What is n(q)?
-10
Let x(n) = n**3 + n**2 - n + 4. Let l be x(0). Let a(b) = 27*b + 4*b - 12*b - 9*b + 11*b + 4 - 11*b. Calculate a(l).
44
Suppose -17*j = -8*j - 11*j. Suppose j = 5*i - 4*m - 41, -m - 2*m - 32 = -4*i. Let z(c) = -c. Give z(i).
-5
Let z(s) = -7*s + 51. Let g be z(7). Let y(t) = t**3 - t**2 + 1. Let x(p) = -3*p**3 + 2*p**2 - 16. Let d(a) = g*y(a) + x(a). What is d(0)?
-14
Let i(h) = 9*h**2 + 19*h + 27. Let v(n) = -2*n**2 - 2*n - 2. Let q(o) = i(o) + 4*v(o). What is q(-9)?
1
Let f(b) = -10*b + 125. Let p(y) = 7*y - 94. Let k(i) = -5*f(i) - 7*p(i). Determine k(-5).
28
Let g(i) = -i**3 + 9*i**2 + 17*i - 58. Let d be g(10). Suppose -15*u + d*u = -27. Let w(f) = -f**3 + 8*f**2 + 7*f. Determine w(u).
-18
Let w(o) = -o + 2. Suppose 4*l + 229 = -171. Let v be (-3)/(-7) + (l/14)/(-2). Determine w(v).
-2
Let x(v) = 13 + 4*v + 1 + 11 + 5 - 23 - 5*v. Let j(g) = 3*g - 41. Let z(q) = -q + 14. Let w(r) = -6*j(r) - 17*z(r). Let h be w(8). Give x(h).
7
Let c(v) be the first derivative of -v**2/2 - 41*v + 2090. Calculate c(-14).
-27
Let u(m) = -38*m**2 - 303*m + 17. Let w be u(-8). Let r(c) be the second derivative of 0 + w*c + c**2 + 7/6*c**3 + 1/12*c**4. Give r(-7).
2
Let x(h) = -6*h**2 + 18*h - 15. Suppose 5*d - 8*d + r - 25 = 0, 6 = -2*d - 2*r. Let c(q) = 5*q**2 - 13*q + 16. Let i(a) = d*c(a) - 6*x(a). What is i(18)?
-4
Let h be 1299/87 - (((-14760)/(-174))/(-12) + 7). Let n(p) = p**2 - 17*p + 38. Determine n(h).
8
Let b(h) = h**2 + 20*h + 72. Let r = -10788 + 10775. Give b(r).
-19
Let t(p) = -8*p**3 - 60*p**2 + 39*p + 79. Let x(i) = -3*i**3 - 20*i**2 + 11*i + 26. Let j(u) = 4*t(u) - 11*x(u). What is j(18)?
12
Let p(r) = -22*r + 197. Let b(o) = -20*o + 198. Let l(x) = -4*b(x) + 3*p(x). Let f be l(15). Let h(m) = m**3 - 8*m**2 - 10*m + 3. Give h(f).
-6
Suppose -12*t + 1338 - 1182 = 0. Let h(q) = -q**2 + 14*q + 6. Calculate h(t).
19
Let w be (-8)/10*(-8)/((-96)/(-150)). Let z be 2*(-4)/(-8)*w. Let o(g) = -z + 2*g + 2 + 14. What is o(0)?
6
Let q(t) = -5*t - 7. Suppose 5*f = 3*p, -4*f = 7*f - 10*f + 3. What is q(p)?
18
Let p be ((-1)/((-4)/6))/(36/48). Let z(c) = -4*c. Let f(j) = -4*j - 1. Let l(d) = p*f(d) - 3*z(d). Calculate l(3).
10
Suppose 5*p - 35 = -5*v, 2*v + 14 - 32 = -4*p. Let b(i) be the first derivative of -1/3*i**3 + 5/2*i**2 - i - 7. Give b(v).
-1
Let t(i) be the third derivative of 0 + 48*i**2 + 1/3*i**3 + 0*i + 1/8*i**4. What is t(1)?
5
Let y(p) = -199 - 207 - p - 208 - 6*p + 625. Give y(10).
-59
Let y(l) = l**3 + 4*l**2 - 8*l - 4. Let h be ((-1710)/50)/((-4)/(-20)). Let j = h - -166. Determine y(j).
11
Let s(f) = -41 + 2*f + 7 + 19 + 6. Suppose p + 5 = 2*o, -4*p + 25 = 5*o - 4*o. Let u be s(p). Let j(x) = -x**2. Determine j(u).
-1
Let l(y) = y + 24. Let d = -12766 + 12764. Give l(d).
22
Let k(b) = -5*b - 3. Let s(v) = -6*v - 2. Let d(w) = 7*w + 2. Let t(c) = -2*d(c) - 3*s(c). Suppose -78 + 23 = 11*m. Let p(q) = m*k(q) - 6*t(q). Calculate p(-3).
0
Let d(n) be the second derivative of -11*n**4/12 - 2*n**3 + 5*n**2 - 25*n. Let r(w) = -5*w**2 - 6*w + 4. Let c(s) = -4*d(s) + 9*r(s). Give c(-3).
5
Let y(o) = 5 + 17822*o - o**2 + 2*o**2 - 17824*o. Give y(4).
13
Let z(b) = 5 - 96*b - b**2 + 44*b + 38*b. Determine z(-12).
29
Suppose -2*p - 17 = -5*p + 2*t, -t = 4*p - 8. Let u(q) = -42 - 6*q + q**2 - p*q + 52. Give u(7).
-4
Let n(j) be the second derivative of -2*j**3/3 - 10*j**2 + 2094*j. Give n(-6).
4
Let k(t) = 7*t**2 + 3*t + 1. Let d(f) = 31*f**2 + 6*f + 11. Let b(g) = d(g) - 5*k(g). Determine b(-3).
-3
Let b(u) = 7*u + 3*u**2 - 2*u**2 - 6*u**2 - 2396 - u**3 + 2398. What is b(-6)?
-4
Let v(z) be the second derivative of -z**3/6 - 47*z**2/2 + 30*z + 43. What is v(-15)?
-32
Let o be 9 + (156/30 - (-18)/(-15)). Let w(f) = 11*f**3 - 19*f**2 + 28*f + 1. Let p(l) = -5*l**3 + 10*l**2 - 14*l. Let g(y) = 9*p(y) + 4*w(y). Determine g(o).
-9
Let v(h) be the third derivative of -h**4/8 + 2*h**3 + 119*h**2 + 7*h + 1. Let w be 80/24*(-3)/(-2). Calculate v(w).
-3
Let h(y) = -84*y - 16. Let k(u) = 20*u - 1. Let t(g) = -h(g) - 5*k(g). Give t(2).
-11
Let w(v) be the third derivative of -v**5/20 - v**4/8 + 11*v**2. Let x = 566 + -568. Give w(x).
-6
Suppose -4*d = -3*u + 75, -d + 0*u = -2*u + 25. Let h = -19 - d. Let m(x) = 5 - x**3 - 4*x + 3*x**2 - 18*x**2 + 10*x**2. Determine m(h).
5
Let d = -1453 - -1454. Let q(h) be the first derivative of -5*h**3/3 + h**2/2 - h - 1. Give q(d).
-5
Let w(v) = -9 - 5*v + 3 + 3*v + 0 - 6. Give w(11).
-34
Let y(r) be the first derivative of r**4/4 - 7*r**3 - 21*r**2/2 - 26*r + 662. Give y(22).
-4
Let d(b) = -256*b. Let l(c) = -213*c + 1. Let s(h) = -5*d(h) + 6*l(h). What is s(-11)?
-16
Suppose n = 9 - 3. Let y(a) be the second derivative of a**3 + 0 + 19*a - 1/12*a**4 - 1/2*a**2. Give y(n).
-1
Let w(g) = -13*g - 8. Let b be 1 - (11 - (-12 + 24)). What is w(b)?
-34
Let g(y) be the first derivative of -y**4/12 + 7*y**3/6 - 7*y**2/2 + 3*y + 25. Let n(t) be the first derivative of g(t). Give n(6).
-1
Let d(r) = -18*r - 136. Suppose -10*o - 185 + 105 = 0. Let s be d(o). Let k(g) = g**3 - 9*g**2 + 7*g - 5. Calculate k(s).
-13
Let q(z) be the third derivative of z**5/60 - z**4/8 + z**3/3 - 4*z**2 - 7. Let u(y) = -y**2 + 5*y + 39. Let j be u(-4). Calculate q(j).
2
Let b be (-3 - -7)*1*(-1012)/176. Let s(j) = -j**2 - 19*j + 86. Determine s(b).
-6
Suppose -4*z - 2*a = 22, z - a + 19 = -2*z. Let w(g) be the second derivative of 1/12*g**4 + 64*g + 1/2*g**2 + 0 + g**3. What is w(z)?
1
Let o(x) = -x**2 - 10*x - 9. Let i be ((-1)/3)/(-4 - (-282)/72). Let c(a) = 8*a - 12. Let p be c(i). Suppose 2*n - 7*n - 4*u = 24, p = 5*u. Determine o(n).
7
Let a be 4 + -1*(1 + -3). Let c = a + 8. Let h(f) be the first derivative of f**3/3 - 7*f**2 - 4*f + 135. Determine h(c).
-4
Let r be ((-1794)/184)/(3/(-8)). Suppose -r + 14 = 3*q. Let g(n) = 2*n**3 + 6*n**2 + 2*n + 6. What is g(q)?
-34
Let o = -504 + 511. Let i(f) = -o + 2*f - 18*f + 13*f. What is i(-5)?
8
Let l(x) = 4*x + 40 + 10*x - 16*x + 27 + 5*x. Determine l(-18).
13
Let m(x) = 5*x - 5064 + 2535 + x**2 + 2533. Determine m(-9).
40
Let l(u) = 38*u + 23. Let i(c) = -34*c - 22. Let j(p) = -9*i(p) - 8*l(p). What is j(-4)?
6
Suppose -3*m = -7*m. Let j(d) = -d**3 + 9*d**2 - 16*d + 1. Let q be j(6). Let b(v) = q + 12*v**3 - 16*v**2 + 17*v**2 - 11*v**3. Determine b(m).
13
Let o(z) = z**2 - 2*z - 4. Let t(k) = -3*k**2 + 6*k + 13. Let g(f) = -7*o(f) - 2*t(f). Suppose 2*u - y = 6*u - 1989, -3*y = -3. Let i = u - 493. Calculate g(i).
-6
Let a(c) = 41*c + 1. Let t(l) = 73*l + 10. Let r(j) = -2*a(j) + t(j). Calculate 